/9 + 227/r?
5
Suppose -122*g + 116*g + 1014 = 0. Let m = -120 + g. What is the tens digit of m?
4
Let u = -23 - -45. Suppose 6 = q - u. What is the units digit of q?
8
Let q = -118 - -126. Let j(w) = 17*w + 13. What is the units digit of j(q)?
9
Let y = 5977 + -2207. What is the thousands digit of y?
3
Let a(d) = 5*d + 4. Let f(w) = w**2 + 0*w + 5*w - 11 + 9 - 2*w. Let v be f(-4). What is the units digit of a(v)?
4
Let a(f) = 11*f - 4. Let j be a(-5). What is the tens digit of -2 - 0 - (j + 2)?
5
Let o(c) = 59*c**3 + c**2 + c - 2. Let h be o(1). Suppose 5*b + 20 = 0, 5*b - 24 + h = -v. What is the tens digit of (-9)/v + 276/15?
1
Let q(y) = y**3 - 8*y**2 - 7*y + 2. Let x be q(9). Suppose -x = 11*c - 9*c. Let s(o) = -o**2 - 15*o + 5. What is the units digit of s(c)?
5
Suppose 16*y = 1218 + 766. What is the tens digit of y?
2
Suppose 4*y - 7*y = -15. Suppose y*t - 280 = 5*s, t = 6*t - 2*s - 286. What is the units digit of t?
8
Suppose w - 760 = -3*w. What is the hundreds digit of w?
1
Let u be ((-1122)/(-44))/((-6)/(-52)). Suppose k + 27 = u. What is the tens digit of k?
9
Suppose h = 5*p + 25, 2*h + p - 5 = 2*p. Let i be h + (-3)/(-6)*8. Suppose -o + 2 = 0, 100 + 34 = i*x + 5*o. What is the tens digit of x?
3
Let n = -919 + 1996. What is the units digit of n?
7
Suppose 7*m + 42 = -784. Let q = m - -172. What is the tens digit of q?
5
Suppose 3*n - 50 = 5*t + 111, 3*n = -t + 155. Let h be 8/(-3)*(-195)/n. Suppose -5*j = -h*j + 140. What is the tens digit of j?
2
Let w(g) = -g + 19. Let d(z) = -10*z**2 + 3*z - 12. Let f(j) = -7*j**2 + 2*j - 8. Let c(i) = -5*d(i) + 7*f(i). Let x be c(3). What is the units digit of w(x)?
9
Let x be -5*3/(-15)*2. Suppose x*l = 4*l - 972. What is the units digit of (2 - 1) + l/9?
5
What is the tens digit of (44 - 40) + 3524 + -1?
2
Let b = 60 - 30. What is the units digit of 3/(b/992) + (-9)/45?
9
Let y = -4162 - -6062. What is the tens digit of y?
0
Let x = 126 - -89. Let t = x - 118. What is the units digit of t?
7
Let j be (3 - 15) + 4 - (0 - 2). What is the hundreds digit of j/(-48) + 7260/32?
2
Let o(c) = c**3 + 12*c**2 + 9*c + 1. Suppose -4*u - 8 - 22 = -5*r, -5*u + 2*r - 46 = 0. What is the hundreds digit of o(u)?
1
Let t(w) = 7*w. Let g be t(4). Let x = 133 + -150. Let b = g + x. What is the units digit of b?
1
Let u(s) = 6*s - 37. Let y be u(10). Suppose 4*c = y + 165. What is the tens digit of c?
4
Let f = 6 + -3. Suppose -9*p = f*p - 1572. What is the units digit of p?
1
Let d(s) = -s**3 - 5*s**2 - 2*s + 6. Let m be d(-4). What is the units digit of 3/((-21)/11 - m)?
3
Let i be (6/9*-1)/(3/45). Let t = 36 + i. What is the tens digit of t?
2
Let y(c) = 101*c + 93. What is the hundreds digit of y(7)?
8
What is the units digit of (48/(-64))/(3/(-19396))?
9
Suppose 56433 = 25*n - 71242. What is the units digit of n?
7
Suppose -3810 - 33934 = -8*d. What is the thousands digit of d?
4
What is the units digit of (-7 + 12)/((-3)/(-33))?
5
Let y(f) = -f**3 - f**2 + f. Let t be y(-2). Suppose -t = 2*i - 12. Suppose b - i = -4*b. What is the units digit of b?
1
Let d be 28/2 - 35/7. Suppose d*m = 434 + 1357. What is the hundreds digit of m?
1
Suppose 3*v + 2*f = -2*v - 48, -28 = v + 5*f. Let w(d) = -d**3 - 6*d**2 + 12*d + 2. What is the tens digit of w(v)?
3
Suppose -22*k + 29*k - 2520 = 0. What is the hundreds digit of k?
3
Suppose 5*p - 4*p + 5*r - 738 = 0, 6 = -3*r. What is the tens digit of p?
4
What is the hundreds digit of ((-273)/35)/((-2)/310)?
2
Let g(h) = -h**2 + 9*h. Let a = 2 - -7. Let o be g(a). Suppose -5*b + 75 = -o*b. What is the units digit of b?
5
Suppose 0*d = -4*d + 16. Let x(y) = -d*y - 6*y - 16 + 14*y. What is the units digit of x(6)?
8
Let w(f) = -f**3 - 2*f**2 + 2*f. Let j = 38 + -43. What is the units digit of w(j)?
5
Let g = -55 - -59. Suppose -p - 1 = 0, w - 4*p - 994 = -g*w. What is the units digit of w?
8
Suppose -6*z = -7*z, 2*z + 491 = o. What is the hundreds digit of o?
4
What is the hundreds digit of (14 - 10)/(-2) + 5787?
7
Suppose -t + 5 = -201. Suppose -6*v = -4*m - v + 190, 0 = -4*m - 3*v + t. What is the units digit of m?
0
Let p(w) be the second derivative of -3*w + 1/20*w**5 + 3/4*w**4 - 1/6*w**3 - 2*w**2 + 0. What is the units digit of p(-8)?
8
Suppose 0 = 6*y - 9*y + 15. Suppose 2*o - y*o + 75 = 0. What is the units digit of o?
5
Let b(g) be the second derivative of 7*g**4/12 - g**3 - 4*g**2 - 9*g. Let f be b(-4). Suppose -f = 2*r - 4*r. What is the tens digit of r?
6
Let r(n) = 36*n**2 - n. Suppose 14 = 9*p - 4. What is the tens digit of r(p)?
4
Suppose 0 = -t - 3*t. Suppose -3*r + x + 24 = t, -3*r + 4*x + 20 = -4. What is the units digit of r?
8
Let s = -255 + 862. What is the tens digit of s?
0
Suppose -11*o = -7*o. Suppose o*g = -4*j + 2*g + 8, -5*j - 2*g = -28. Suppose -5*q + 36 = -j. What is the units digit of q?
8
Let v = 743 + -517. What is the hundreds digit of v?
2
Suppose -4*y + y = 4*f - 992, 4*f - 1656 = -5*y. What is the hundreds digit of y?
3
Suppose -13 = -4*o - 37. Let b(j) be the second derivative of -j**3/3 - 3*j**2/2 - 19*j. What is the units digit of b(o)?
9
Let l(o) = -o - 7. Let m be l(-8). Let t be (2 - 4) + m/(-1). Let w = t + 19. What is the tens digit of w?
1
Let a = 2 - -3. Let n = 7 - a. Suppose -4*l = -n*u + 15 - 1, 2*u - 15 = 5*l. What is the units digit of u?
5
Suppose 0 = -4*q - 0*q - 20, f - 104 = -4*q. Let h = 204 - f. What is the tens digit of h?
8
Suppose -3*v + 312 = 5*l, 2*v = 5*l - 91 - 226. What is the units digit of l?
3
What is the tens digit of -53 - -56 - (29/(-1) + 1)?
3
Suppose 2*w + 4 = 2*y + 18, 2*w - 4*y = 22. Suppose -w*m + 4*m - 5*b - 114 = 0, b - 102 = -m. What is the hundreds digit of m?
1
Suppose -3*a + 2*y = 5*y - 81, 2*a = 5*y + 33. Let j = a + -12. Let n = j - 11. What is the units digit of n?
1
Suppose -29 = -c + 3*t, t + 68 = 4*c - 4. Suppose -u - c = -58. What is the tens digit of u?
4
Let s(o) = 1. Let i(d) = -5*d + 31. Let v(g) = i(g) + 6*s(g). What is the tens digit of v(-6)?
6
Suppose 13*w + 16667 = 73464. What is the thousands digit of w?
4
Let q(a) = 2*a**3 - 11*a**2 + 2*a - 2. Let b be q(4). What is the units digit of (-3591)/b + 1/(-2)?
5
Let l(x) = 8*x + 38. Let g(a) = a. Let s(k) = -g(k) + l(k). What is the units digit of s(18)?
4
Let a = -3786 + -622. What is the units digit of 2/13 - a/247?
8
Suppose 3*g = 4*g + 16. Let b = -4 - g. What is the units digit of b?
2
Let v(z) = -z**3 - 4*z**2 + 2*z + 9. Let b be v(-6). What is the units digit of b + 2 + 2/1 + 3?
6
What is the thousands digit of (-6)/(-16) - 41578*(-11)/176?
2
Suppose g = o + 3, g + 0*g - 5*o - 3 = 0. Let p be (-1 - -1 - -1)*20. Suppose p = a + g*b, 2*a + 5*b + 5 = 44. What is the units digit of a?
7
Let r(w) = w + 8. Let p be r(-5). What is the units digit of -7*(p - 228/28)?
6
Let c = -55 + 43. What is the units digit of (-2)/12 - (0 - (-230)/c)?
9
Let y(k) = 2*k**2 + 3*k - 3. Let v be y(-3). Suppose -5*f - 26 = -v. What is the tens digit of (35/3 - f)*3?
4
Let l(k) = -10*k**3 - 3*k**2 - k + 8. What is the hundreds digit of l(-4)?
6
Let c(v) = 20*v + 2. Suppose -2*w + 3 + 3 = 0. What is the units digit of c(w)?
2
Let c(i) = -2*i**2 - 121*i - 74. What is the hundreds digit of c(-31)?
7
Let u be (-172 - 2) + -9 + 4. Let s = -65 - u. What is the hundreds digit of s?
1
Let n(g) = 102 - 18*g - 59 - 21 + 2*g**2. What is the tens digit of n(13)?
2
Let c be 3/(-3 + 921/306). Suppose 0*x = 2*x - c. What is the hundreds digit of x?
1
Suppose -3*c = 5*l - 7, -6*l = -3*l - c + 7. Let y = 1 - l. Suppose -4*b = -3*m - 112, y*b = -2*m + 5*m + 50. What is the tens digit of b?
3
Let d(z) = 2*z + 6. Let a be d(7). Let y be ((-2)/5)/(4/a). What is the tens digit of ((-1)/2)/(y/68)?
1
Let l = -396 + 622. What is the units digit of l?
6
Suppose 5*t = -0*t + 2*v + 40, t + 5*v - 35 = 0. Suppose 3*u + 15 = 4*q, 0 = 4*q + 4*u - t + 2. What is the units digit of (5 - q)*(-21)/(-6)?
7
Let j(m) = m**3 - 12*m**2 - 13*m + 13. Let g = 19 - 6. What is the units digit of j(g)?
3
Let b(g) be the second derivative of 13*g**3/3 - g**2/2 + g. Let s be 0/(-2) + 4/(-2) + 3. What is the units digit of b(s)?
5
Let m be -4 + 142/((-2)/1). Let c = 132 + m. What is the units digit of c?
7
Let i(d) = d**2 - d + 12. What is the tens digit of i(-19)?
9
Let w(n) = -n - 21. Let g be 